ghest common factor of d and 21.
21
Let a be -1556*21/(-15) + (-6)/15. Let g be 23/(-92) - (a/(-8) + 0). Calculate the greatest common divisor of 17 and g.
17
Let y = 97 - -23. Suppose 40 = 16*j - y. Calculate the highest common factor of 5 and j.
5
Suppose 0 = -5*u - 15*u + 1760. What is the highest common divisor of 40 and u?
8
Let r = 22 + -18. Let k = 9 - r. What is the greatest common divisor of k and 25?
5
Let q(l) be the first derivative of 13*l**2/2 - 5*l + 4. Let d be q(2). What is the greatest common factor of 168 and d?
21
Suppose 6*n = -5*n - 1694. Let t = 197 + n. What is the highest common factor of 86 and t?
43
Let k = 1056 + -416. Calculate the greatest common factor of 48 and k.
16
Suppose t + 42 = 4*t. What is the greatest common divisor of t and 91?
7
Suppose 2*i = 3*o - i + 66, -3*o = 5*i + 26. Let t be (o - 3)/(-4) + 4. What is the greatest common factor of 99 and t?
9
Suppose 0 = -4*h - t + 377, 35*t - 37*t + 370 = 4*h. Let f = -5 + 8. Let n = 67 - f. What is the greatest common divisor of n and h?
32
Let y(o) = -3*o - 44. Let k be y(-18). Let g(i) = 8*i**2 - i**3 + 2*i**3 + 1 - 3 + 5*i. Let v be g(-6). What is the greatest common factor of k and v?
10
Suppose -7*f = -5*f + 226. Let a = -95 - f. What is the greatest common factor of a and 99?
9
Suppose 75 = -27*q + 32*q - 4*z, 4*q - 3*z - 61 = 0. Let i be 38/(44/10 - 4). Calculate the greatest common factor of q and i.
19
Let v = -216 + 284. What is the highest common divisor of 153 and v?
17
Suppose 3*i - 5*y - 44 = 0, 6*i + 2*y = i + 94. Suppose -p + 6 + i = 0. Let v be 1 + (1*-30)/(-2). Calculate the greatest common factor of p and v.
8
Suppose 4*d + 0*q - 5*q + 109 = 0, 5*q + 108 = -3*d. Let k = d + 64. Calculate the highest common divisor of k and 264.
33
Let d(o) = -o**3 - 3*o**2 + 5*o - 150. Let r be d(-7). Suppose 0 = -4*z + z + 18. Suppose -2*a + 8 = z. Calculate the greatest common divisor of r and a.
1
Suppose 99 = -y + 297. Calculate the greatest common factor of y and 6.
6
Suppose -3*w = -3*u + 207, 3*w + 52 = -2*u + 175. What is the highest common divisor of u and 66?
66
Let v(o) = -81*o - 344. Let u be v(-9). What is the greatest common divisor of 35 and u?
35
Suppose -11*k + 9513 = 140*k. Calculate the highest common factor of 18 and k.
9
Suppose 4*o + 2*k - 120 = -2*k, -10 = 5*k. Let w = 26 + o. Suppose a - 2*z = 3*z + 4, 0 = 3*a - 4*z - 67. Calculate the highest common factor of a and w.
29
Let g be -58 - ((-39)/(-18) + (-1)/6). Let m = 76 + g. Calculate the greatest common divisor of m and 4.
4
Let f be 6*(-8)/3*-1. Suppose 0 = 3*a + a + f. Let k(n) = -12*n + 6. Let b be k(a). Calculate the greatest common factor of 9 and b.
9
Let o be -35*(12/7 + -2). Let g be (9/(-6))/((-3)/4). What is the highest common divisor of o and g?
2
Let y(g) = 34*g + 1048. Let a be y(-30). Suppose 4*d + 420 = 3*z + 2*d, -140 = -z + 2*d. Calculate the greatest common factor of a and z.
28
Suppose -6*k - 241 = -4*y - 7*k, 3*k = -4*y + 243. What is the highest common factor of 140 and y?
20
Suppose -3*x = -2*t - 647, -1284 = 5*t + 2*x + 305. Let l = -544 + 1116. Let b = l + t. Calculate the highest common divisor of b and 23.
23
Let b(v) = v**3 - 2*v**2 - 2*v + 4. Let q be b(3). Suppose 3*z = q*z - 40. Suppose -s + z + 1 = 0. What is the greatest common factor of s and 33?
11
Let v = 2222 - 1511. What is the greatest common divisor of v and 18?
9
Let m = 383 + 66. Let r = m + -260. What is the greatest common factor of r and 21?
21
Let i(a) = a**3 - 15*a**2 + 15*a - 7. Let u = 57 - 43. Let n be i(u). Suppose 4*y = 23 + 5. Calculate the highest common factor of y and n.
7
Let w be (-11690)/(-210) - (-2)/6. What is the greatest common factor of w and 140?
28
Suppose 8*u - 19950 = -13*u. What is the highest common factor of 114 and u?
38
Let x(g) = -2*g**2 + 62. Let j be x(0). Let f = j + -18. What is the highest common divisor of f and 110?
22
Let z(w) = 18*w + 12. Let a be z(2). Calculate the highest common divisor of 9 and a.
3
Let n be ((-2)/4)/((-1)/(-3600)*-6). What is the greatest common factor of 75 and n?
75
Suppose -52 = -5*s - 12*i + 8*i, -4*s + 3*i = -54. What is the highest common factor of 148 and s?
4
Suppose -764*d - 2660 = -768*d. What is the highest common factor of d and 70?
35
Suppose -12*o = 6*o - 342. Let k(n) = -n + 1. Let h(d) = 41*d. Let a(s) = -h(s) - 2*k(s). Let y be a(-2). Calculate the highest common factor of o and y.
19
Let j be 2/(-7) - 0 - 6089028/(-2282). What is the greatest common factor of 116 and j?
116
Suppose -2*y + y = -5. Let l(w) = -w - 2*w + y*w - 4. Let a be l(5). What is the highest common divisor of a and 18?
6
Let q = 74 + 14. Let j = -142 - -150. What is the highest common factor of q and j?
8
Let s(i) = 6 + 3*i - 15 + i - 14. Let a be s(7). Calculate the greatest common divisor of 5 and a.
5
Let f be -1 + 2727/5 + 26/(-65). What is the greatest common factor of f and 32?
32
Let m be (112/(-5))/(-16 + (-1404)/(-90)). Calculate the greatest common factor of m and 504.
56
Let j(k) = 14*k - 5. Let f be j(3). Let u = 57 - f. Let n(h) = -h**2 + 8*h - 3. Let b be n(7). What is the greatest common divisor of b and u?
4
Let u(z) = -2*z**2 + 25*z - 53. Let r be u(3). Calculate the highest common factor of 496 and r.
4
Suppose 3*c + 44 = 4*n + 8*c, -7*n = -c - 38. Suppose -f + 1 = -1. Let a be f/n + 12/18. What is the greatest common divisor of a and 1?
1
Let f = 6 + -4. Suppose u - 9 = -5*p, -3 = -p - f. Let c be (1 - 3)*(-22)/u. Calculate the greatest common factor of 121 and c.
11
Suppose p = -5*p + 462. Let s be 3*((-20)/14)/((-33)/p). Calculate the greatest common divisor of s and 15.
5
Suppose -2*m - 194 = -292. Calculate the highest common factor of m and 7.
7
Let n = 20 + -14. Let r be ((-51)/n)/((-2)/(-4)). Let i = 19 - r. What is the greatest common factor of 4 and i?
4
Let m be (4 - 2) + 450 + 3. What is the highest common factor of m and 65?
65
Suppose -1392 = -7*f - 80*f. Let z = 4 + -3. Suppose -z - 15 = -w. Calculate the highest common divisor of f and w.
16
Let q(h) = 5*h + 8. Let v be q(10). Let c(m) = -5*m + 9. Let y = -11 + 7. Let k be c(y). Calculate the highest common divisor of k and v.
29
Let r = -1441 + 1516. Calculate the greatest common factor of r and 405.
15
Suppose 4*t + u - 21 = 0, 7*t = 4*t + u + 14. Let m(c) = c - 22. Let x be m(29). Suppose 157 = x*b - 228. What is the highest common divisor of t and b?
5
Let y = 263 + -238. What is the highest common divisor of y and 400?
25
Suppose 255 - 239 = 8*g. What is the greatest common factor of g and 32?
2
Let u be -4 - 176/(-30) - (-2)/15. Suppose r = 4*g + u*r - 15, -2*r = g - 9. Calculate the highest common divisor of 21 and g.
3
Suppose 4*o - 4*c = 639 - 87, 0 = 5*o + 3*c - 706. Calculate the greatest common factor of o and 175.
35
Let m be -6 + 3 + (9 - 2). What is the highest common divisor of m and 1?
1
Let v(c) = 12*c. Let u be v(1). Suppose -8*j + 135 = j. Let p be j/(-20)*(-3 - 45). What is the greatest common factor of u and p?
12
Suppose -32*w + 37*w - 110 = 0. Let k be 444/10 + (-6)/15. Calculate the highest common divisor of w and k.
22
Suppose 0 = -31*l - l + 12032. What is the highest common factor of 47 and l?
47
Let h(t) = t**3 + t + 3. Let p be h(0). Suppose 3*o - p*z - 12 = 39, 5*z = -2*o - 1. Let v be (3 - 27/12)*o. What is the greatest common factor of 1 and v?
1
Suppose 0 = -4*k - 19 - 13. Let x = k - -39. Calculate the highest common factor of x and 124.
31
Suppose 3*m - 70 = 7*p - 12*p, p - 116 = -4*m. Calculate the greatest common factor of 170 and m.
10
Let g be 4 + -2 + (14 - 8). What is the greatest common divisor of 25 and g?
1
Let w be 46/6 + (-1)/(-3). Let t = -12201 - -12241. Calculate the highest common factor of w and t.
8
Let z = 795 + -760. Calculate the greatest common factor of z and 56.
7
Let i be 4/(-8)*-2*1. Let t be (7/21)/(i/6). Suppose t*f = 162 + 8. What is the highest common divisor of f and 17?
17
Let h(l) = 37*l + 667. Let x be h(-18). Let r = 1 - 1. Suppose -5*w = 2*z - 27, 2*w - 6 = -r*w - 2*z. Calculate the greatest common factor of w and x.
1
Let x be (-158)/(-18) + -4*(-1)/18. What is the greatest common factor of 36 and x?
9
Let d = 9 + 27. Let m be 213/18 - 5/(-30). What is the highest common divisor of d a